{"id":204,"date":"2018-01-21T00:19:35","date_gmt":"2018-01-21T00:19:35","guid":{"rendered":"http:\/\/bogfimisetrid.is\/setrid\/?post_type=product&#038;p=204"},"modified":"2023-12-18T15:15:25","modified_gmt":"2023-12-18T15:15:25","slug":"avalon-tec-one-orvamaelir-svartur-grar","status":"publish","type":"product","link":"https:\/\/bogfimisetrid.is\/setrid\/product\/avalon-tec-one-orvamaelir-svartur-grar\/","title":{"rendered":"Avalon Classic Target \u00d6rvam\u00e6lir Svartur\/Gr\u00e1r RH"},"content":{"rendered":"<p>\u00deessi \u00f6rvam\u00e6lir er Svartur me\u00f0 litu\u00f0um eldi.<\/p>\n<p>H\u00e6gt a\u00f0 s\u00e9rpanta \u00ed LH og RH<\/p>\n<p>H\u00e6gt er a\u00f0 s\u00e9rpanta a\u00f0ra liti.<\/p>\n<p>Svartann \u00f6rvam\u00e6li me\u00f0 Eldinn \u00ed lit Grey, Blue, Red, Black, Green, Dark Red, Orange, Pink e\u00f0a Purple.<\/p>\n<p><a href=\"http:\/\/bogfimisetrid.is\/setrid\/wp-content\/uploads\/2018\/01\/a22069_24197.jpg\"><img loading=\"lazy\" decoding=\"async\" class=\"alignnone size-medium wp-image-849\" src=\"http:\/\/bogfimisetrid.is\/setrid\/wp-content\/uploads\/2018\/01\/a22069_24197-300x300.jpg\" alt=\"\" width=\"300\" height=\"300\" srcset=\"https:\/\/bogfimisetrid.is\/setrid\/wp-content\/uploads\/2018\/01\/a22069_24197-300x300.jpg 300w, https:\/\/bogfimisetrid.is\/setrid\/wp-content\/uploads\/2018\/01\/a22069_24197-324x324.jpg 324w, https:\/\/bogfimisetrid.is\/setrid\/wp-content\/uploads\/2018\/01\/a22069_24197-100x100.jpg 100w, https:\/\/bogfimisetrid.is\/setrid\/wp-content\/uploads\/2018\/01\/a22069_24197-416x415.jpg 416w, https:\/\/bogfimisetrid.is\/setrid\/wp-content\/uploads\/2018\/01\/a22069_24197-150x150.jpg 150w, https:\/\/bogfimisetrid.is\/setrid\/wp-content\/uploads\/2018\/01\/a22069_24197.jpg 700w\" sizes=\"auto, (max-width: 300px) 100vw, 300px\" \/><\/a><\/p>\n","protected":false},"excerpt":{"rendered":"<p>\u00deessi \u00f6rvam\u00e6lir er Svartur me\u00f0 litu\u00f0um eldi. H\u00e6gt a\u00f0 s\u00e9rpanta \u00ed LH og RH H\u00e6gt er a\u00f0 s\u00e9rpanta a\u00f0ra liti. Svartann \u00f6rvam\u00e6li me\u00f0 Eldinn \u00ed lit Grey, Blue, Red, Black, Green, Dark Red, Orange, Pink e\u00f0a Purple.<\/p>\n","protected":false},"featured_media":854,"template":"","meta":{"jetpack_post_was_ever_published":false,"jetpack_publicize_message":"","jetpack_publicize_feature_enabled":true,"jetpack_social_post_already_shared":false,"jetpack_social_options":{"image_generator_settings":{"template":"highway","default_image_id":0,"font":"","enabled":false},"version":2}},"product_brand":[],"product_cat":[29,30],"product_tag":[],"class_list":{"0":"post-204","1":"product","2":"type-product","3":"status-publish","4":"has-post-thumbnail","6":"product_cat-shooting-gear","7":"product_cat-orvamaelar","9":"first","10":"outofstock","11":"taxable","12":"shipping-taxable","13":"purchasable","14":"product-type-simple"},"yoast_head":"<!-- This site is optimized with the Yoast SEO plugin v27.3 - https:\/\/yoast.com\/product\/yoast-seo-wordpress\/ -->\n<title>Avalon Classic Target \u00d6rvam\u00e6lir Svartur\/Gr\u00e1r RH - Bogfimisetri\u00f0<\/title>\n<meta name=\"robots\" content=\"index, follow, max-snippet:-1, max-image-preview:large, max-video-preview:-1\" \/>\n<link rel=\"canonical\" href=\"https:\/\/bogfimisetrid.is\/setrid\/product\/avalon-tec-one-orvamaelir-svartur-grar\/\" \/>\n<meta property=\"og:locale\" content=\"is_IS\" \/>\n<meta property=\"og:type\" content=\"article\" \/>\n<meta property=\"og:title\" content=\"Avalon Classic Target \u00d6rvam\u00e6lir Svartur\/Gr\u00e1r RH - Bogfimisetri\u00f0\" \/>\n<meta property=\"og:description\" content=\"\u00deessi \u00f6rvam\u00e6lir er Svartur me\u00f0 litu\u00f0um eldi. H\u00e6gt a\u00f0 s\u00e9rpanta \u00ed LH og RH H\u00e6gt er a\u00f0 s\u00e9rpanta a\u00f0ra liti. Svartann \u00f6rvam\u00e6li me\u00f0 Eldinn \u00ed lit Grey, Blue, Red, Black, Green, Dark Red, Orange, Pink e\u00f0a Purple.\" \/>\n<meta property=\"og:url\" content=\"https:\/\/bogfimisetrid.is\/setrid\/product\/avalon-tec-one-orvamaelir-svartur-grar\/\" \/>\n<meta property=\"og:site_name\" content=\"Bogfimisetri\u00f0\" \/>\n<meta property=\"article:publisher\" content=\"https:\/\/www.facebook.com\/Bogfimisetrid\/?ref=br_rs\" \/>\n<meta property=\"article:modified_time\" content=\"2023-12-18T15:15:25+00:00\" \/>\n<meta property=\"og:image\" content=\"https:\/\/bogfimisetrid.is\/setrid\/wp-content\/uploads\/2018\/01\/QTA-A-SL610-320.jpg\" \/>\n\t<meta property=\"og:image:width\" content=\"1400\" \/>\n\t<meta property=\"og:image:height\" content=\"933\" \/>\n\t<meta property=\"og:image:type\" content=\"image\/jpeg\" \/>\n<meta name=\"twitter:card\" content=\"summary_large_image\" \/>\n<script type=\"application\/ld+json\" class=\"yoast-schema-graph\">{\"@context\":\"https:\\\/\\\/schema.org\",\"@graph\":[{\"@type\":\"WebPage\",\"@id\":\"https:\\\/\\\/bogfimisetrid.is\\\/setrid\\\/product\\\/avalon-tec-one-orvamaelir-svartur-grar\\\/\",\"url\":\"https:\\\/\\\/bogfimisetrid.is\\\/setrid\\\/product\\\/avalon-tec-one-orvamaelir-svartur-grar\\\/\",\"name\":\"Avalon Classic Target \u00d6rvam\u00e6lir Svartur\\\/Gr\u00e1r RH - Bogfimisetri\u00f0\",\"isPartOf\":{\"@id\":\"https:\\\/\\\/bogfimisetrid.is\\\/setrid\\\/#website\"},\"primaryImageOfPage\":{\"@id\":\"https:\\\/\\\/bogfimisetrid.is\\\/setrid\\\/product\\\/avalon-tec-one-orvamaelir-svartur-grar\\\/#primaryimage\"},\"image\":{\"@id\":\"https:\\\/\\\/bogfimisetrid.is\\\/setrid\\\/product\\\/avalon-tec-one-orvamaelir-svartur-grar\\\/#primaryimage\"},\"thumbnailUrl\":\"https:\\\/\\\/bogfimisetrid.is\\\/setrid\\\/wp-content\\\/uploads\\\/2018\\\/01\\\/QTA-A-SL610-320.jpg\",\"datePublished\":\"2018-01-21T00:19:35+00:00\",\"dateModified\":\"2023-12-18T15:15:25+00:00\",\"breadcrumb\":{\"@id\":\"https:\\\/\\\/bogfimisetrid.is\\\/setrid\\\/product\\\/avalon-tec-one-orvamaelir-svartur-grar\\\/#breadcrumb\"},\"inLanguage\":\"is\",\"potentialAction\":[{\"@type\":\"ReadAction\",\"target\":[\"https:\\\/\\\/bogfimisetrid.is\\\/setrid\\\/product\\\/avalon-tec-one-orvamaelir-svartur-grar\\\/\"]}]},{\"@type\":\"ImageObject\",\"inLanguage\":\"is\",\"@id\":\"https:\\\/\\\/bogfimisetrid.is\\\/setrid\\\/product\\\/avalon-tec-one-orvamaelir-svartur-grar\\\/#primaryimage\",\"url\":\"https:\\\/\\\/bogfimisetrid.is\\\/setrid\\\/wp-content\\\/uploads\\\/2018\\\/01\\\/QTA-A-SL610-320.jpg\",\"contentUrl\":\"https:\\\/\\\/bogfimisetrid.is\\\/setrid\\\/wp-content\\\/uploads\\\/2018\\\/01\\\/QTA-A-SL610-320.jpg\",\"width\":1400,\"height\":933},{\"@type\":\"BreadcrumbList\",\"@id\":\"https:\\\/\\\/bogfimisetrid.is\\\/setrid\\\/product\\\/avalon-tec-one-orvamaelir-svartur-grar\\\/#breadcrumb\",\"itemListElement\":[{\"@type\":\"ListItem\",\"position\":1,\"name\":\"Home\",\"item\":\"https:\\\/\\\/bogfimisetrid.is\\\/setrid\\\/\"},{\"@type\":\"ListItem\",\"position\":2,\"name\":\"Shop\",\"item\":\"https:\\\/\\\/bogfimisetrid.is\\\/setrid\\\/shop\\\/\"},{\"@type\":\"ListItem\",\"position\":3,\"name\":\"Avalon Classic Target \u00d6rvam\u00e6lir Svartur\\\/Gr\u00e1r RH\"}]},{\"@type\":\"WebSite\",\"@id\":\"https:\\\/\\\/bogfimisetrid.is\\\/setrid\\\/#website\",\"url\":\"https:\\\/\\\/bogfimisetrid.is\\\/setrid\\\/\",\"name\":\"Bogfimisetri\u00f0\",\"description\":\"Fyrir alla fj\u00f6lskylduna\",\"publisher\":{\"@id\":\"https:\\\/\\\/bogfimisetrid.is\\\/setrid\\\/#organization\"},\"potentialAction\":[{\"@type\":\"SearchAction\",\"target\":{\"@type\":\"EntryPoint\",\"urlTemplate\":\"https:\\\/\\\/bogfimisetrid.is\\\/setrid\\\/?s={search_term_string}\"},\"query-input\":{\"@type\":\"PropertyValueSpecification\",\"valueRequired\":true,\"valueName\":\"search_term_string\"}}],\"inLanguage\":\"is\"},{\"@type\":\"Organization\",\"@id\":\"https:\\\/\\\/bogfimisetrid.is\\\/setrid\\\/#organization\",\"name\":\"Bogfimisetrid Archery Range\",\"url\":\"https:\\\/\\\/bogfimisetrid.is\\\/setrid\\\/\",\"logo\":{\"@type\":\"ImageObject\",\"inLanguage\":\"is\",\"@id\":\"https:\\\/\\\/bogfimisetrid.is\\\/setrid\\\/#\\\/schema\\\/logo\\\/image\\\/\",\"url\":\"https:\\\/\\\/bogfimisetrid.is\\\/setrid\\\/wp-content\\\/uploads\\\/2018\\\/02\\\/logo.png\",\"contentUrl\":\"https:\\\/\\\/bogfimisetrid.is\\\/setrid\\\/wp-content\\\/uploads\\\/2018\\\/02\\\/logo.png\",\"width\":500,\"height\":176,\"caption\":\"Bogfimisetrid Archery Range\"},\"image\":{\"@id\":\"https:\\\/\\\/bogfimisetrid.is\\\/setrid\\\/#\\\/schema\\\/logo\\\/image\\\/\"},\"sameAs\":[\"https:\\\/\\\/www.facebook.com\\\/Bogfimisetrid\\\/?ref=br_rs\"]}]}<\/script>\n<!-- \/ Yoast SEO plugin. -->","yoast_head_json":{"title":"Avalon Classic Target \u00d6rvam\u00e6lir Svartur\/Gr\u00e1r RH - Bogfimisetri\u00f0","robots":{"index":"index","follow":"follow","max-snippet":"max-snippet:-1","max-image-preview":"max-image-preview:large","max-video-preview":"max-video-preview:-1"},"canonical":"https:\/\/bogfimisetrid.is\/setrid\/product\/avalon-tec-one-orvamaelir-svartur-grar\/","og_locale":"is_IS","og_type":"article","og_title":"Avalon Classic Target \u00d6rvam\u00e6lir Svartur\/Gr\u00e1r RH - Bogfimisetri\u00f0","og_description":"\u00deessi \u00f6rvam\u00e6lir er Svartur me\u00f0 litu\u00f0um eldi. H\u00e6gt a\u00f0 s\u00e9rpanta \u00ed LH og RH H\u00e6gt er a\u00f0 s\u00e9rpanta a\u00f0ra liti. Svartann \u00f6rvam\u00e6li me\u00f0 Eldinn \u00ed lit Grey, Blue, Red, Black, Green, Dark Red, Orange, Pink e\u00f0a Purple.","og_url":"https:\/\/bogfimisetrid.is\/setrid\/product\/avalon-tec-one-orvamaelir-svartur-grar\/","og_site_name":"Bogfimisetri\u00f0","article_publisher":"https:\/\/www.facebook.com\/Bogfimisetrid\/?ref=br_rs","article_modified_time":"2023-12-18T15:15:25+00:00","og_image":[{"width":1400,"height":933,"url":"https:\/\/bogfimisetrid.is\/setrid\/wp-content\/uploads\/2018\/01\/QTA-A-SL610-320.jpg","type":"image\/jpeg"}],"twitter_card":"summary_large_image","schema":{"@context":"https:\/\/schema.org","@graph":[{"@type":"WebPage","@id":"https:\/\/bogfimisetrid.is\/setrid\/product\/avalon-tec-one-orvamaelir-svartur-grar\/","url":"https:\/\/bogfimisetrid.is\/setrid\/product\/avalon-tec-one-orvamaelir-svartur-grar\/","name":"Avalon Classic Target \u00d6rvam\u00e6lir Svartur\/Gr\u00e1r RH - Bogfimisetri\u00f0","isPartOf":{"@id":"https:\/\/bogfimisetrid.is\/setrid\/#website"},"primaryImageOfPage":{"@id":"https:\/\/bogfimisetrid.is\/setrid\/product\/avalon-tec-one-orvamaelir-svartur-grar\/#primaryimage"},"image":{"@id":"https:\/\/bogfimisetrid.is\/setrid\/product\/avalon-tec-one-orvamaelir-svartur-grar\/#primaryimage"},"thumbnailUrl":"https:\/\/bogfimisetrid.is\/setrid\/wp-content\/uploads\/2018\/01\/QTA-A-SL610-320.jpg","datePublished":"2018-01-21T00:19:35+00:00","dateModified":"2023-12-18T15:15:25+00:00","breadcrumb":{"@id":"https:\/\/bogfimisetrid.is\/setrid\/product\/avalon-tec-one-orvamaelir-svartur-grar\/#breadcrumb"},"inLanguage":"is","potentialAction":[{"@type":"ReadAction","target":["https:\/\/bogfimisetrid.is\/setrid\/product\/avalon-tec-one-orvamaelir-svartur-grar\/"]}]},{"@type":"ImageObject","inLanguage":"is","@id":"https:\/\/bogfimisetrid.is\/setrid\/product\/avalon-tec-one-orvamaelir-svartur-grar\/#primaryimage","url":"https:\/\/bogfimisetrid.is\/setrid\/wp-content\/uploads\/2018\/01\/QTA-A-SL610-320.jpg","contentUrl":"https:\/\/bogfimisetrid.is\/setrid\/wp-content\/uploads\/2018\/01\/QTA-A-SL610-320.jpg","width":1400,"height":933},{"@type":"BreadcrumbList","@id":"https:\/\/bogfimisetrid.is\/setrid\/product\/avalon-tec-one-orvamaelir-svartur-grar\/#breadcrumb","itemListElement":[{"@type":"ListItem","position":1,"name":"Home","item":"https:\/\/bogfimisetrid.is\/setrid\/"},{"@type":"ListItem","position":2,"name":"Shop","item":"https:\/\/bogfimisetrid.is\/setrid\/shop\/"},{"@type":"ListItem","position":3,"name":"Avalon Classic Target \u00d6rvam\u00e6lir Svartur\/Gr\u00e1r RH"}]},{"@type":"WebSite","@id":"https:\/\/bogfimisetrid.is\/setrid\/#website","url":"https:\/\/bogfimisetrid.is\/setrid\/","name":"Bogfimisetri\u00f0","description":"Fyrir alla fj\u00f6lskylduna","publisher":{"@id":"https:\/\/bogfimisetrid.is\/setrid\/#organization"},"potentialAction":[{"@type":"SearchAction","target":{"@type":"EntryPoint","urlTemplate":"https:\/\/bogfimisetrid.is\/setrid\/?s={search_term_string}"},"query-input":{"@type":"PropertyValueSpecification","valueRequired":true,"valueName":"search_term_string"}}],"inLanguage":"is"},{"@type":"Organization","@id":"https:\/\/bogfimisetrid.is\/setrid\/#organization","name":"Bogfimisetrid Archery Range","url":"https:\/\/bogfimisetrid.is\/setrid\/","logo":{"@type":"ImageObject","inLanguage":"is","@id":"https:\/\/bogfimisetrid.is\/setrid\/#\/schema\/logo\/image\/","url":"https:\/\/bogfimisetrid.is\/setrid\/wp-content\/uploads\/2018\/02\/logo.png","contentUrl":"https:\/\/bogfimisetrid.is\/setrid\/wp-content\/uploads\/2018\/02\/logo.png","width":500,"height":176,"caption":"Bogfimisetrid Archery Range"},"image":{"@id":"https:\/\/bogfimisetrid.is\/setrid\/#\/schema\/logo\/image\/"},"sameAs":["https:\/\/www.facebook.com\/Bogfimisetrid\/?ref=br_rs"]}]}},"jetpack_publicize_connections":[],"jetpack_sharing_enabled":true,"_links":{"self":[{"href":"https:\/\/bogfimisetrid.is\/setrid\/wp-json\/wp\/v2\/product\/204","targetHints":{"allow":["GET"]}}],"collection":[{"href":"https:\/\/bogfimisetrid.is\/setrid\/wp-json\/wp\/v2\/product"}],"about":[{"href":"https:\/\/bogfimisetrid.is\/setrid\/wp-json\/wp\/v2\/types\/product"}],"wp:featuredmedia":[{"embeddable":true,"href":"https:\/\/bogfimisetrid.is\/setrid\/wp-json\/wp\/v2\/media\/854"}],"wp:attachment":[{"href":"https:\/\/bogfimisetrid.is\/setrid\/wp-json\/wp\/v2\/media?parent=204"}],"wp:term":[{"taxonomy":"product_brand","embeddable":true,"href":"https:\/\/bogfimisetrid.is\/setrid\/wp-json\/wp\/v2\/product_brand?post=204"},{"taxonomy":"product_cat","embeddable":true,"href":"https:\/\/bogfimisetrid.is\/setrid\/wp-json\/wp\/v2\/product_cat?post=204"},{"taxonomy":"product_tag","embeddable":true,"href":"https:\/\/bogfimisetrid.is\/setrid\/wp-json\/wp\/v2\/product_tag?post=204"}],"curies":[{"name":"wp","href":"https:\/\/api.w.org\/{rel}","templated":true}]}}